nd 7455?
15
Calculate the highest common divisor of 104324994 and 131.
131
Calculate the highest common divisor of 29986 and 16489.
11
Calculate the highest common divisor of 9447492 and 151188.
3516
Calculate the greatest common factor of 17510 and 36178210.
170
Calculate the highest common divisor of 336 and 4119888.
48
What is the greatest common divisor of 215094015 and 9?
9
What is the greatest common divisor of 609 and 95468?
29
What is the highest common factor of 4925 and 122251502?
197
What is the highest common factor of 339178 and 429164?
6922
Calculate the highest common divisor of 3298404 and 444.
12
What is the greatest common factor of 620 and 26383790?
310
Calculate the highest common divisor of 11345790 and 160.
10
Calculate the highest common factor of 40 and 22152620.
20
What is the greatest common factor of 173 and 128862510?
173
Calculate the greatest common factor of 1115 and 29613508.
223
Calculate the highest common factor of 31208 and 195332.
188
What is the highest common divisor of 110 and 827922920?
110
Calculate the greatest common factor of 3145461840 and 16.
16
What is the highest common divisor of 1825484 and 419348?
164
Calculate the greatest common factor of 803 and 179993.
11
What is the highest common factor of 99540267 and 87?
87
Calculate the greatest common divisor of 27207219 and 9165.
1833
What is the greatest common divisor of 16080 and 15568656?
3216
What is the highest common factor of 2348510339 and 119?
119
Calculate the highest common factor of 17010 and 1193130.
2430
Calculate the highest common divisor of 1988 and 12316512.
284
What is the greatest common divisor of 477997204 and 3184?
796
Calculate the greatest common factor of 221780304 and 144.
144
Calculate the greatest common factor of 101 and 33995287.
101
What is the greatest common factor of 4743 and 7371552?
93
Calculate the greatest common factor of 48276 and 2671596.
108
Calculate the highest common divisor of 19754372 and 1060.
212
Calculate the highest common divisor of 274053813 and 1401.
1401
What is the highest common divisor of 835524076 and 20008?
10004
What is the greatest common divisor of 6 and 43026504?
6
Calculate the highest common factor of 5516 and 224503958.
2758
Calculate the highest common factor of 17077914 and 9.
9
What is the greatest common divisor of 13536 and 9386464?
1504
What is the greatest common divisor of 19862547 and 184?
23
Calculate the greatest common divisor of 2453165 and 273305.
235
What is the greatest common factor of 208 and 5940296?
8
Calculate the highest common factor of 2858650 and 110.
10
Calculate the highest common factor of 4184 and 11968855.
523
What is the greatest common divisor of 37168 and 8669840?
1616
What is the highest common factor of 144901 and 11327?
47
What is the greatest common divisor of 1007 and 7374049?
53
What is the greatest common factor of 9348 and 23268?
12
What is the highest common factor of 4 and 982978?
2
Calculate the greatest common divisor of 4545788 and 988.
988
Calculate the highest common factor of 233342 and 680.
34
Calculate the highest common divisor of 24526978 and 21203.
1631
What is the greatest common divisor of 1027079 and 6241?
79
Calculate the highest common divisor of 60571 and 161.
7
What is the greatest common divisor of 35501536 and 224?
224
What is the greatest common divisor of 131834515 and 4995?
185
Calculate the greatest common divisor of 2734720 and 2560.
640
What is the highest common divisor of 731585 and 35?
5
Calculate the highest common factor of 197806 and 3061520.
994
Calculate the highest common divisor of 34226 and 3669376.
218
Calculate the greatest common divisor of 964512 and 147159.
1773
Calculate the highest common factor of 12950 and 102725.
175
Calculate the greatest common divisor of 6846120 and 9.
9
What is the highest common divisor of 94701362 and 266?
14
Calculate the greatest common factor of 42 and 778221507.
21
What is the greatest common factor of 603544310 and 285?
95
What is the greatest common factor of 696 and 69180312?
696
What is the highest common divisor of 12738 and 2651616?
66
What is the highest common divisor of 6046720 and 4000?
160
Calculate the greatest common factor of 20475 and 33539688.
819
What is the greatest common factor of 254 and 26612723?
127
What is the greatest common factor of 1763725932 and 7173?
7173
Calculate the highest common factor of 15677967 and 6.
3
Calculate the highest common divisor of 965 and 150400.
5
What is the greatest common divisor of 5015 and 1630465?
295
What is the greatest common factor of 12554098 and 34542?
3838
Calculate the highest common factor of 1266 and 189790702.
422
What is the greatest common divisor of 490 and 35751674?
98
Calculate the greatest common divisor of 736 and 1611488.
32
What is the greatest common factor of 6236 and 8884?
4
What is the greatest common divisor of 143 and 44957679?
13
What is the greatest common divisor of 9663840 and 1540?
20
Calculate the greatest common factor of 51887 and 815617.
583
What is the highest common factor of 68464995 and 45?
15
Calculate the highest common divisor of 2622228 and 30687.
159
Calculate the greatest common divisor of 18414 and 4701466.
22
Calculate the greatest common factor of 146519104 and 9926.
1418
What is the highest common divisor of 21894656 and 81056?
4768
Calculate the highest common factor of 538342 and 12.
2
Calculate the highest common divisor of 721183359 and 39.
39
Calculate the greatest common divisor of 3839220 and 8440740.
13860
Calculate the highest common factor of 1648568 and 239732.
3284
Calculate the greatest common divisor of 328176074 and 4378.
398
Calculate the highest common factor of 1549 and 613036887.
1549
Calculate the highest common factor of 3 and 40676639.
1
Calculate the highest common divisor of 57 and 18120224.
19
Calculate the greatest common factor of 43754 and 373078.
334
What is the highest common divisor of 70 and 1057504490?
70
Calculate the highest common factor of 16644924 and 3152.
788
What is the greatest common divisor of 12231792 and 33216?
8304
What is the highest common divisor of 3411375 and 17250?
375
What is the greatest common divisor of 620 and 556960384?
124
What is the greatest common factor of 2586 and 14759595?
1293
Calculate the highest common divisor of 7523110 and 5670.
70
What is the greatest common divisor of 498771 and 102167?
377
What is the highest common divisor of 2365617 and 899?
29
Calculate the greatest common divisor of 482073627 and 107.
107
What is the greatest common factor of 92394 and 4762362?
354
What is the highest common divisor of 80614751 and 2842?
1421
Calculate the greatest common divisor of 10 and 1575965.
5
What is the highest common factor of 41068995 and 11?
11
What is the highest common factor of 399346703 and 622?
311
What is the greatest common divisor of 45314 and 163881?
139
Calculate the greatest common divisor of 10694185 and 4504.
563
Calculate the greatest common divisor of 19235 and 15037923.
3847
Calculate the greatest common divisor of 31 and 1584772018.
31
What is the highest common factor of 833710 and 10778?
634
What is the greatest common divisor of 100093665 and 630?
105
What is the highest common divisor of 5827 and 4217?
1
Calculate the highest common divisor of 378 and 265362237.
189
What is the greatest common divisor of 13933730 and 10?
10
Calculate the greatest common divisor of 12058414 and 3148.
1574
What is the highest common factor of 240 and 3748905?
15
What is the greatest common factor of 141960 and 897540?
420
What is the greatest common factor of 463892 and 308308?
572
Calculate the greatest common factor of 330195952 and 16.
16
Calculate the highest common factor of 98610 and 779538.
1038
Calculate the greatest common factor of 204468623 and 148.
37
What is the greatest common divisor of 4746 and 2014026?
42
Calculate the greatest common factor of 272698658 and 9213.
3071
What is the highest common factor of 1253707275 and 11422?
5711
Calculate the highest common divisor of 60 and 352841388.
12
What is the highest common factor of 384125916 and 36?
12
What is the highest common factor of 724735 and 2651?
11
Calculate the greatest common divisor of 905 and 10610.
5
What